 - -5) - 0).
-6
Evaluate (18 - 35) + 14 + (-6 - (0 - 5)).
-4
-8 + 8 + 2 + -2 + -5
-5
What is (17 - (1 - -11)) + 6?
11
Calculate -15 + 9 + -9 + 6 + 4.
-5
Calculate (-7 - -2) + 1 - -1 - (-7 - -6).
-2
Evaluate (12 - -5 - 22) + 3 + -3 + 5.
0
Evaluate 0 + 9 - (-6 + -23 - (22 - 54)).
6
What is the value of (16 + -1 - (6 + -6 + 1)) + 2?
16
Calculate 3 + (4 - (6 - -2)) + 2.
1
23 + (-19 + (14 - 9) - 0)
9
What is the value of 8 + 32 + -33 + -26 + (2 - 4)?
-21
Evaluate 8 - (-15 - -3) - (7 - 15 - -6).
22
Evaluate 26 - 32 - (-17 + 16).
-5
Calculate 6 + 0 + 0 + -31 + 12 + -3.
-16
What is the value of -3 + -1 - (1 - -11)?
-16
-22 - ((1 - -2) + -5 + 3) - -8
-15
What is the value of 0 + 3 + -2 - (-2 + -7 + 12)?
-2
What is the value of -4 - (-7 - (4 - (-3 - -11)))?
-1
Evaluate (22 - ((-10 - -17) + -2)) + -33.
-16
Calculate 1 + 7 - (-18 + 1 - (-188 - -165)).
2
What is the value of (-18 - -19 - (1 - -2)) + 94 + -110?
-18
What is the value of 22 + -12 + 10 + -1 + -6?
13
(-3 - -36) + (123 - 143)
13
What is -3 + (10 - (-5 + -14))?
26
What is the value of (0 - (0 - -12 - 5)) + -8 + 0?
-15
Evaluate -1 + (-10 - (26 + -31)) + (1 - 1).
-6
Evaluate 1 + 1 + (10 + -6 + 3 - 5).
4
-4 - (-2 + 7 - 4) - (0 - -2)
-7
(-6 + 4 - -1) + 3 + -12
-10
Calculate 4 + -1 + 4 + (0 - -5).
12
Calculate 4 - (-8 + (-2 + -3 - (-33 + 28))).
12
4 - ((-2 - (-7 + (4 - 4))) + -12)
11
-3 + 25 + -13 + -20
-11
Evaluate (18 - 17) + 0 + -9 + -23.
-31
Evaluate -39 + 10 + 35 + (-1 - 25).
-20
-2 - (7 - (2 - (-2 - -4)))
-9
What is -8 + -9 + 0 + 24 + -2 + 14?
19
Evaluate -1 - 3 - (4 + -26 - (-81 + 61)).
-2
What is 0 - 11 - (173 + -168) - -7?
-9
Calculate -22 + 18 - (3 + -6 - 3).
2
What is the value of 4 + (20 + -14 + 11 - (7 - -2))?
12
Evaluate 5 + (5 - (6 + (-1 - -2)) - 2).
1
What is -14 - (-8 + 3 + -4 - -4) - -5?
-4
-153 + 146 - (0 - -10)
-17
Evaluate 0 + -3 + (4 + 3 - -2).
6
Calculate -42 - (-16 + 3 + -28).
-1
What is 18 + -10 + 12 - 14?
6
What is the value of (196 - 167) + (-3 - (0 - (-2 - -3)))?
27
Calculate 8 + -17 + (10 - -1) + -3.
-1
What is (-6 + -9 + 4 - -4) + 13 + -4?
2
Evaluate (2 - 0) + (-5 - (-21 + 23)) + 29.
24
Evaluate (-22 - (13 + -24)) + (-2 - -11).
-2
What is the value of (-3 - 8) + (-9 - (38 + -20 - 19))?
-19
Evaluate -13 - -11 - (-7 + 1 + 21).
-17
Calculate -23 - (-8 + -14 - -14 - (0 + 0)).
-15
What is the value of 0 - (-1 + 2 - (-18 + 4))?
-15
What is the value of 11 - ((11 + 0 - -2) + -10)?
8
1 - -29 - (4 + 13)
13
Evaluate 7 + -2 + 6 + -22 + 6.
-5
Calculate 11 - 21 - (-31 + 6 - (1 - 5)).
11
36 + (-6 - 1) + -9 - 9
11
0 + 13 - (442 + -436)
7
Calculate 2 - (18 - 25) - 18 - (-1 + 6).
-14
What is the value of -2 + (3 + -10 - 2) + 25?
14
Evaluate 1 + -9 + 0 - (-9 - -9).
-8
What is 18 + (-21 - -1) - -18?
16
What is the value of -1 + (-9 - (4 - 2)) + 973 + -971?
-10
What is the value of 7 + (-28 - (19 - 21))?
-19
What is the value of 8 + -8 + -8 + 15 + (0 - 0)?
7
What is the value of (16 - (-4 - -4)) + (-8 - 1)?
7
Evaluate 0 + -2 + 5 + 16 + -24 + 3.
-2
Evaluate (-5 + -12 - -4) + (24 - 1).
10
What is the value of 12 + 8 + -15 + -16?
-11
11 + (28 - 23 - (-2 - -8)) + -6
4
Calculate (0 - -13) + -236 + 224 - -23.
24
What is the value of 16 + -53 + (77 - 25)?
15
-7 - (0 + (3 - (6 - 11))) - -4
-11
What is the value of (6 - 38) + -21 + 50?
-3
Evaluate 5 - (2 - (-19 + 12) - -31).
-35
Calculate 6 + (15 - (1 + (-12 - -6))) + -7.
19
16 - (2 + 2 + 12)
0
What is 10 - (8 + 2 + -11)?
11
What is -66 - -93 - (23 - -10)?
-6
What is the value of -6 + (-9 - (-6 + -2 - (-6 - -1)))?
-12
Calculate (-3 - -1) + 35 + -10.
23
What is the value of 9 - (25 - 8 - -3)?
-11
-280 + 301 - (1 - -50)
-30
(10 + (7 - 6) - (-7 + 2)) + -2
14
What is the value of -2 + 15 - (120 + -105) - -9?
7
(6 - -1) + -53 + 66 - -5
25
37 - 27 - (-8 - (4 - 36))
-14
-57 - (-1 + -29) - (1 - 8)
-20
-13 - (-1 - (-6 + 13 - 22))
-27
What is -14 + (-39 - -25) - -21?
-7
What is the value of -12 - (-4 + -17) - 0?
9
-34 + 9 - ((15 - 5) + -4)
-31
Evaluate 12 - (-17 + 32 + 1 + -6).
2
What is the value of (1 - -4) + (281 - 297)?
-11
Evaluate -2 - -2 - -14 - (66 - 71).
19
29 - (15 - 12 - -13)
13
Evaluate 2 + (-9 - (-4 - 10)) + -12.
-5
Calculate -7 + -3 - 14 - 8 - -11.
-21
Evaluate -17 + (-6 - -8 - -14).
-1
Evaluate -27 + 7 + 22 - (-1 - 0).
3
Calculate 13 - (-53 - -22 - -27).
17
27 - (-26 + 13 - -57)
-17
Calculate (14 - (-3 + 8)) + -4 - (6 - 6).
5
What is the value of -211 + 175 + -1 + 24?
-13
What is -20 + -18 + 6 + 18?
-14
-18 + (-11 - -1) + -2 + 5 + 7
-18
What is -1 + 7 + -5 + 0 + -8 + 5?
-2
What is 24 + (2 - (21 - 15))?
20
Calculate -5 - ((-9 - (-2 - 8)) + (3 - -3)).
-12
Calculate 32 + -47 - -18 - -24.
27
-27 + -13 - -49 - (12 - (3 + -1))
-1
Calculate (-18 + 6 - -8) + (7 - 1) - 0.
2
Calculate -7 - ((-9 - 27) + 19).
10
What is the value of 7 + 2 + -8 + -13 + 9 - -3?
0
What is the value of 3 + (-6 - (-4 + -5 + -5) - 1)?
10
What is -49 - (-24 - (-5 - -4))?
-26
What is 499 - 484 - (8 + 2)?
5
-1 + -8 - -4 - (-2 - -4)
-7
Evaluate (4 - (-13 + 16)) + 11 + -4.
8
32 + -32 + -4 + 7 - (34 + -3)
-28
What is the value of -20 - ((-12 - -14) + -11)?
-11
Evaluate 13 + (13 - 6) + -14 - (8 + -1).
-1
What is the value of -17 - (-2 + -4 + (-5 - (-15 + 10)))?
-11
Evaluate (-38 + 56 - 53) + 67.
32
What is the value of (100 - 100) + (-2 - 6 - -1) + -5?
-12
What is the value of -52 + 50 + -1 + (12 - 3)?
6
Calculate 7 + -9 + (1 - (-2 + 8)).
-7
Calculate 10 - 0 - (869 - 872).
13
Evaluate 12 - (8 + -16 - (9 - (-3 + 3))).
29
What is 27 - (35 + 10 - 22)?
4
Evaluate -5 + (0 - 6) + (-3 - -6) + -6.
-14
(-2 - 3) + (-9 - (12 - 14))
-12
What is the value of -2 + 4 - (10 - (9 - (10 - 5)))?
-4
What is 19 + (1 + -1 + -3 + 0 - 1)?
15
Evaluate (-5 - 23) + 17 + -15.
-26
Calculate (-36 - (-21 - -16)) + 11.
-20
What is the value of (-45 + 23 - 13) + 4?
-31
31 + 7 + -15 + -13 + -2
8
What is the value of 169 - 196 - (0 - 16)?
-11
Evaluate 0 - (2 + 3 + -9 + -2).
6
Calculate 0 + (-3 + -1 + (-20 - -25) - 1).
0
-1 - 4 - (-34 - -73 - 32)
-12
What is (-5 - (-2 + 0)) + 13 + (-15 - -5)?
0
-6 + 2 + 7 + 4
7
Calculate 4 + -19 + 14 + -5 + 19.
13
What is the value of 7 - 14 - -29 - 11 - 13?
-2
What is (-9 - -1) + 1 + 9 - -3?
5
What is (12 - (-3 + 4 + -4 + 7)) + -1?
7
What is the value of (11 + -18 + 14 - 20) + 8?
-5
Calculate 18 + (9 - 27 - -18).
18
-1 - -10 - ((9 - (-12 + 6)) + -12)
6
What is the value of -11 - (0 - (3 - -5)) - -8?
5
10 + -12 + -13 + -9 + (3 - 1)
-22
What is -15 + (-5 + 21 - 11)?
-10
What is the value of (14 + 1 - 6) + 0 - (-7 + 0)?
16
Evaluate 1 + 4 + -5 - (-6 + 14 - 4).
-4
What is 4 + -6 + (0 - -10)?
8
Calculate 21 + -30 + 26 + (-10 - 0).
7
Evaluate 10 + ((15 - 9) + (-1 - 12) - -3).
6
(-1 + -2 + 5 - -7) + -38 + 56
27
16 - ((15 + 10 - 9) + -16)
16
(24 - 37) + 21 + 8
16
What is the value of 0 + 0 - (0 + -7 + (-230 - -237))?
0
What is the value of (-6 - -14) + -27 + 8 + 2 + 5?
-4
Evaluate -14 + (14 + -28 - -27) + (0 - -18).
17
Evaluate (-31 - (41 - 40)) + 66.
34
Calculate (-2 - 8 - (-13 - 5)) + (-36 - -3).
-25
Calculate (8 - (-8 + 18) - (-2 + 9)) + 22.
13
Evaluate -3 - (18 + -17 + 10).
-14
Calculate -3 + 0 + -2 + (7 - -4 - 8).
-2
Evaluate 14 - (-14 + 8) - 4.
16
Evaluate 10 + (-8 - (5 + 1 + -1)).
-3
Calculate 9 - -16 - (3 - 3).
25
What is 132 - 153 - (-3 + -28)?
10
Calculate (-19 - -5) + 0 + (4 - 1).
-11
What is (-4 - (8 + 4 - 19)) + 0 + 1?
4
Calculate -169 - -195 - (-4 - -5).
25
What is the value of (-3 - (-7 - -13)) + (25 - 39)?
-23
What is the value of -25 - 3 - (-69 + 51)?
-10
What is (7 - 3) + (0 - -2) - (-137 + 140)?
3
What is the value of -43 + (-3 + 2 - (290 - 310))?
-24
Evaluate 3 - (-53 + 45 - (-19 + -1)).
-9
What is 1 + 0 + -5 - (10 - (-13 + 20))?
-7
Calculate 15 + -16 + 1 - -8.
8
-4 - (2 - 21 - -3 - 2)
14
Calculate -6 + 2 + -3 - ((2 - 2) + 6).
-13
Calculate -9 + (9 - -7) + 6 - -2.
15
What is the value of 1 - 6 - (3 + -13 + 9)?
-4
What is (1 - -1) + 6 + (-20 - -20)?
8
What is the value of (3 - -2) + -3 + 1 - (1 - -4)?
-2
Evaluate -9 - -3 - (13 - 10 - -6).
-15
Calculate -14 - (-5 - -7) - (0 + -6) - -3.
-7
Calculate -9 - 0 - (-5 + (-37 - -20)).
13
Evaluate 24 - (-1 - -30 - (64 - 55)).
4
18 - 6 - (1 + 0 + 0)
11
1 - 16 - (1 + -11 + -1)
-4
Calculate (13 - -4) + -17 - 0.
0
What is the value of 17 + (-40 - 9) + -16 + 12?
-36
What is 9 + (3 - (13 + -2 + -4) - -7)?
12
What is the value of (0 - 1 - 